{"id":245,"date":"2021-04-29T03:36:58","date_gmt":"2021-04-29T06:36:58","guid":{"rendered":"http:\/\/probatus.inf.br\/?page_id=245"},"modified":"2023-05-15T10:56:17","modified_gmt":"2023-05-15T13:56:17","slug":"about","status":"publish","type":"page","link":"http:\/\/probatus.inf.br\/?page_id=245","title":{"rendered":"Apresenta\u00e7\u00e3o"},"content":{"rendered":"\t\t<div data-elementor-type=\"wp-page\" data-elementor-id=\"245\" class=\"elementor elementor-245\">\n\t\t\t\t\t\t\t\t\t<section class=\"elementor-section elementor-top-section elementor-element elementor-element-b0d299a elementor-section-boxed elementor-section-height-default elementor-section-height-default\" data-id=\"b0d299a\" data-element_type=\"section\">\n\t\t\t\t\t\t<div class=\"elementor-container elementor-column-gap-default\">\n\t\t\t\t\t<div class=\"elementor-column elementor-col-100 elementor-top-column elementor-element elementor-element-3a11959\" data-id=\"3a11959\" data-element_type=\"column\">\n\t\t\t<div class=\"elementor-widget-wrap elementor-element-populated\">\n\t\t\t\t\t\t\t\t<div class=\"elementor-element elementor-element-d5e5f04 elementor-widget elementor-widget-spacer\" data-id=\"d5e5f04\" data-element_type=\"widget\" data-widget_type=\"spacer.default\">\n\t\t\t\t<div class=\"elementor-widget-container\">\n\t\t\t<style>\/*! elementor - v3.8.1 - 13-11-2022 *\/\n.elementor-column .elementor-spacer-inner{height:var(--spacer-size)}.e-con{--container-widget-width:100%}.e-con-inner>.elementor-widget-spacer,.e-con>.elementor-widget-spacer{width:var(--container-widget-width,var(--spacer-size));-ms-flex-item-align:stretch;align-self:stretch;-ms-flex-negative:0;flex-shrink:0}.e-con-inner>.elementor-widget-spacer>.elementor-widget-container,.e-con-inner>.elementor-widget-spacer>.elementor-widget-container>.elementor-spacer,.e-con>.elementor-widget-spacer>.elementor-widget-container,.e-con>.elementor-widget-spacer>.elementor-widget-container>.elementor-spacer{height:100%}.e-con-inner>.elementor-widget-spacer>.elementor-widget-container>.elementor-spacer>.elementor-spacer-inner,.e-con>.elementor-widget-spacer>.elementor-widget-container>.elementor-spacer>.elementor-spacer-inner{height:var(--container-widget-height,var(--spacer-size))}<\/style>\t\t<div class=\"elementor-spacer\">\n\t\t\t<div class=\"elementor-spacer-inner\"><\/div>\n\t\t<\/div>\n\t\t\t\t<\/div>\n\t\t\t\t<\/div>\n\t\t\t\t\t<\/div>\n\t\t<\/div>\n\t\t\t\t\t\t\t<\/div>\n\t\t<\/section>\n\t\t\t\t<section class=\"elementor-section elementor-top-section elementor-element elementor-element-b83de51 elementor-section-boxed elementor-section-height-default elementor-section-height-default\" data-id=\"b83de51\" data-element_type=\"section\">\n\t\t\t\t\t\t<div class=\"elementor-container elementor-column-gap-default\">\n\t\t\t\t\t<div class=\"elementor-column elementor-col-100 elementor-top-column elementor-element elementor-element-ae50d37\" data-id=\"ae50d37\" data-element_type=\"column\">\n\t\t\t<div class=\"elementor-widget-wrap elementor-element-populated\">\n\t\t\t\t\t\t\t\t<div class=\"elementor-element elementor-element-53e67d0 elementor-widget elementor-widget-text-editor\" data-id=\"53e67d0\" data-element_type=\"widget\" data-widget_type=\"text-editor.default\">\n\t\t\t\t<div class=\"elementor-widget-container\">\n\t\t\t<style>\/*! elementor - v3.8.1 - 13-11-2022 *\/\n.elementor-widget-text-editor.elementor-drop-cap-view-stacked .elementor-drop-cap{background-color:#818a91;color:#fff}.elementor-widget-text-editor.elementor-drop-cap-view-framed .elementor-drop-cap{color:#818a91;border:3px solid;background-color:transparent}.elementor-widget-text-editor:not(.elementor-drop-cap-view-default) .elementor-drop-cap{margin-top:8px}.elementor-widget-text-editor:not(.elementor-drop-cap-view-default) .elementor-drop-cap-letter{width:1em;height:1em}.elementor-widget-text-editor .elementor-drop-cap{float:left;text-align:center;line-height:1;font-size:50px}.elementor-widget-text-editor .elementor-drop-cap-letter{display:inline-block}<\/style>\t\t\t\t<h1 class=\"elementor-heading-title elementor-size-medium elementor-inline-editing pen\" style=\"font-size: 19px; text-align: justify;\" data-elementor-setting-key=\"title\" data-pen-placeholder=\"Digite aqui...\">Seguem coment\u00e1rios para orientar os artigos das edi\u00e7\u00f5es da Revista online PROBATUS.INF.BR\u00a0 (ISSN 2965-0070).<\/h1><h1 class=\"elementor-heading-title elementor-size-medium elementor-inline-editing pen\" style=\"font-size: 19px; text-align: justify;\" data-elementor-setting-key=\"title\" data-pen-placeholder=\"Digite aqui...\">A Revista online PROBATUS.INF.BR \u00e9 uma publica\u00e7\u00e3o bimestral disponibilizada online e gratuitamente que aceita contribui\u00e7\u00f5es de outros autores desde que os artigos atendam o objetivo e o estilo expostos pelo corpo editorial.<\/h1>\t\t\t\t\t\t<\/div>\n\t\t\t\t<\/div>\n\t\t\t\t\t<\/div>\n\t\t<\/div>\n\t\t\t\t\t\t\t<\/div>\n\t\t<\/section>\n\t\t\t\t<section class=\"elementor-section elementor-top-section elementor-element elementor-element-411ae61 elementor-section-boxed elementor-section-height-default elementor-section-height-default\" data-id=\"411ae61\" data-element_type=\"section\">\n\t\t\t\t\t\t<div class=\"elementor-container elementor-column-gap-default\">\n\t\t\t\t\t<div class=\"elementor-column elementor-col-100 elementor-top-column elementor-element elementor-element-5b7d962\" data-id=\"5b7d962\" data-element_type=\"column\">\n\t\t\t<div class=\"elementor-widget-wrap elementor-element-populated\">\n\t\t\t\t\t\t\t\t<section class=\"elementor-section elementor-inner-section elementor-element elementor-element-e0fc3c3 elementor-section-boxed elementor-section-height-default elementor-section-height-default\" data-id=\"e0fc3c3\" data-element_type=\"section\">\n\t\t\t\t\t\t<div class=\"elementor-container elementor-column-gap-default\">\n\t\t\t\t\t<div class=\"elementor-column elementor-col-50 elementor-inner-column elementor-element elementor-element-5730f49\" data-id=\"5730f49\" data-element_type=\"column\">\n\t\t\t<div class=\"elementor-widget-wrap elementor-element-populated\">\n\t\t\t\t\t\t\t\t<div class=\"elementor-element elementor-element-1929398 elementor-widget elementor-widget-text-editor\" data-id=\"1929398\" data-element_type=\"widget\" data-widget_type=\"text-editor.default\">\n\t\t\t\t<div class=\"elementor-widget-container\">\n\t\t\t\t\t\t\t<h4 style=\"text-align: center;\"><span style=\"color: #3366ff;\"><strong>O objetivo da Revista online PROBATUS.INF.BR<\/strong><\/span><\/h4><hr \/><h5 style=\"padding-left: 40px; text-align: left;\"><strong><span style=\"color: #3366ff;\">Com periodicidade bimestral, o objetivo da Revista online PROBATUS.INF.BR \u00e9 prover conte\u00fado t\u00e9cnico cient\u00edfico com informa\u00e7\u00f5es \u00fateis, atemporais, objetivas e sem qualquer v\u00ednculo com religi\u00f5es, ideologias ou grupos pol\u00edtico-partid\u00e1rios.\u00a0<\/span><\/strong><\/h5><h5 style=\"padding-left: 40px; text-align: left;\"><strong><span style=\"color: #3366ff;\">O foco \u00e9 inspirar o leitor a refletir ideias, selecionar alternativas e tomar decis\u00f5es pessoais ou empresariais que promovam o seu sucesso e bem-estar.\u00a0<\/span><\/strong><strong style=\"color: var(--sydney-headings-color);\"><span style=\"color: #3366ff;\">N\u00e3o h\u00e1 nenhuma inten\u00e7\u00e3o de propor ou induzir o leitor a tomar algum tipo de decis\u00e3o.\u00a0<\/span><\/strong><\/h5><h5 style=\"padding-left: 40px; text-align: left;\"><strong style=\"color: var(--sydney-headings-color);\"><span style=\"color: #3366ff;\">Ressalta-se que a Revista online PROBATUS.INF.BR, o corpo editorial e os autores de artigos n\u00e3o se responsabilizam por ganhos ou perdas de qualquer natureza em decorr\u00eancia do uso parcial ou total das informa\u00e7\u00f5es apresentadas nesta publica\u00e7\u00e3o<\/span><\/strong><\/h5>\t\t\t\t\t\t<\/div>\n\t\t\t\t<\/div>\n\t\t\t\t\t<\/div>\n\t\t<\/div>\n\t\t\t\t<div class=\"elementor-column elementor-col-50 elementor-inner-column elementor-element elementor-element-5d74221\" data-id=\"5d74221\" data-element_type=\"column\">\n\t\t\t<div class=\"elementor-widget-wrap elementor-element-populated\">\n\t\t\t\t\t\t\t\t<div class=\"elementor-element elementor-element-b89f528 elementor-widget elementor-widget-text-editor\" data-id=\"b89f528\" data-element_type=\"widget\" data-widget_type=\"text-editor.default\">\n\t\t\t\t<div class=\"elementor-widget-container\">\n\t\t\t\t\t\t\t<h3 style=\"text-align: center;\"><strong><span style=\"color: #800080;\">T<\/span><span style=\"color: #800080;\">emas tratados na Revista online PROBATUS.INF.BR<\/span><\/strong><\/h3><hr \/><h5><span style=\"color: #800080;\"><strong>Enfatiza-se a import\u00e2ncia da an\u00e1lise com vis\u00e3o ampla, com foco multidisciplinar e com entendimento local e <\/strong><strong>internacional.<\/strong><\/span><\/h5><h5><span style=\"color: #800080;\">Faz parte da linha editorial que os artigos sejam curtos com linguagem acess\u00edvel a diversos p\u00fablicos no contexto de populariza\u00e7\u00e3o de assuntos em finan\u00e7as, gest\u00e3o, ci\u00eancia e tecnologia.<strong>\u00a0<\/strong><\/span><\/h5><h5><span style=\"color: #800080;\"><strong>H\u00e1 sete se\u00e7\u00f5es diferentes que poder\u00e3o conter um ou mais artigos.<\/strong><\/span><\/h5><h5><span style=\"color: #800080;\"><strong>A tabela abaixo sinaliza o tipo de conte\u00fado esperado para cada se\u00e7\u00e3o.<\/strong><\/span><\/h5>\t\t\t\t\t\t<\/div>\n\t\t\t\t<\/div>\n\t\t\t\t\t<\/div>\n\t\t<\/div>\n\t\t\t\t\t\t\t<\/div>\n\t\t<\/section>\n\t\t\t\t<div class=\"elementor-element elementor-element-820da99 elementor-widget elementor-widget-image\" data-id=\"820da99\" data-element_type=\"widget\" data-widget_type=\"image.default\">\n\t\t\t\t<div class=\"elementor-widget-container\">\n\t\t\t<style>\/*! elementor - v3.8.1 - 13-11-2022 *\/\n.elementor-widget-image{text-align:center}.elementor-widget-image a{display:inline-block}.elementor-widget-image a img[src$=\".svg\"]{width:48px}.elementor-widget-image img{vertical-align:middle;display:inline-block}<\/style>\t\t\t\t\t\t\t\t\t\t\t\t<img loading=\"lazy\" decoding=\"async\" width=\"1455\" height=\"795\" src=\"http:\/\/probatus.inf.br\/wp-content\/uploads\/2022\/11\/B2_Tabela-da-Apresentacao_Revista_Probatus.Inf_edicao_set-out-2022_status_2022-nov-18.doc.jpg\" class=\"attachment-full size-full\" alt=\"\" srcset=\"http:\/\/probatus.inf.br\/wp-content\/uploads\/2022\/11\/B2_Tabela-da-Apresentacao_Revista_Probatus.Inf_edicao_set-out-2022_status_2022-nov-18.doc.jpg 1455w, http:\/\/probatus.inf.br\/wp-content\/uploads\/2022\/11\/B2_Tabela-da-Apresentacao_Revista_Probatus.Inf_edicao_set-out-2022_status_2022-nov-18.doc-300x164.jpg 300w, http:\/\/probatus.inf.br\/wp-content\/uploads\/2022\/11\/B2_Tabela-da-Apresentacao_Revista_Probatus.Inf_edicao_set-out-2022_status_2022-nov-18.doc-1024x560.jpg 1024w, http:\/\/probatus.inf.br\/wp-content\/uploads\/2022\/11\/B2_Tabela-da-Apresentacao_Revista_Probatus.Inf_edicao_set-out-2022_status_2022-nov-18.doc-768x420.jpg 768w\" sizes=\"auto, (max-width: 1455px) 100vw, 1455px\" \/>\t\t\t\t\t\t\t\t\t\t\t\t\t\t\t<\/div>\n\t\t\t\t<\/div>\n\t\t\t\t\t<\/div>\n\t\t<\/div>\n\t\t\t\t\t\t\t<\/div>\n\t\t<\/section>\n\t\t\t\t<section class=\"elementor-section elementor-top-section elementor-element elementor-element-df1d036 elementor-section-boxed elementor-section-height-default elementor-section-height-default\" data-id=\"df1d036\" data-element_type=\"section\">\n\t\t\t\t\t\t<div class=\"elementor-container elementor-column-gap-default\">\n\t\t\t\t\t<div class=\"elementor-column elementor-col-100 elementor-top-column elementor-element elementor-element-cce3400\" data-id=\"cce3400\" data-element_type=\"column\">\n\t\t\t<div class=\"elementor-widget-wrap elementor-element-populated\">\n\t\t\t\t\t\t\t\t<section class=\"elementor-section elementor-inner-section elementor-element elementor-element-b449c8c elementor-section-boxed elementor-section-height-default elementor-section-height-default\" data-id=\"b449c8c\" data-element_type=\"section\">\n\t\t\t\t\t\t<div class=\"elementor-container elementor-column-gap-default\">\n\t\t\t\t\t<div class=\"elementor-column elementor-col-100 elementor-inner-column elementor-element elementor-element-cbf6904\" data-id=\"cbf6904\" data-element_type=\"column\">\n\t\t\t<div class=\"elementor-widget-wrap elementor-element-populated\">\n\t\t\t\t\t\t\t\t<div class=\"elementor-element elementor-element-b13a644 elementor-widget elementor-widget-text-editor\" data-id=\"b13a644\" data-element_type=\"widget\" data-widget_type=\"text-editor.default\">\n\t\t\t\t<div class=\"elementor-widget-container\">\n\t\t\t\t\t\t\t<h4 style=\"text-align: center;\"><strong><span style=\"color: #3366ff;\">Ser\u00e3o apreciadas contribui\u00e7\u00f5es de artigos elaborados por outros profissionais ou estudantes<\/span><\/strong><\/h4><h4 style=\"text-align: center;\"><strong><span style=\"color: #3366ff;\">desde que<\/span><\/strong><\/h4><h4 style=\"text-align: center;\"><strong><span style=\"color: #3366ff;\">o assunto se enquadre em uma das sete se\u00e7\u00f5es e respeite a linha editorial da revista,\u00a0<\/span><\/strong><strong><span style=\"color: #3366ff;\">tanto com rela\u00e7\u00e3o ao conte\u00fado do artigo, quanto com rela\u00e7\u00e3o ao formato do artigo.<\/span><\/strong><\/h4><hr \/>\t\t\t\t\t\t<\/div>\n\t\t\t\t<\/div>\n\t\t\t\t\t<\/div>\n\t\t<\/div>\n\t\t\t\t\t\t\t<\/div>\n\t\t<\/section>\n\t\t\t\t\t<\/div>\n\t\t<\/div>\n\t\t\t\t\t\t\t<\/div>\n\t\t<\/section>\n\t\t\t\t<section class=\"elementor-section elementor-top-section elementor-element elementor-element-c70aa83 elementor-section-boxed elementor-section-height-default elementor-section-height-default\" data-id=\"c70aa83\" data-element_type=\"section\">\n\t\t\t\t\t\t<div class=\"elementor-container elementor-column-gap-default\">\n\t\t\t\t\t<div class=\"elementor-column elementor-col-50 elementor-top-column elementor-element elementor-element-d7c1550\" data-id=\"d7c1550\" data-element_type=\"column\">\n\t\t\t<div class=\"elementor-widget-wrap elementor-element-populated\">\n\t\t\t\t\t\t\t\t<div class=\"elementor-element elementor-element-85305e3 elementor-widget elementor-widget-text-editor\" data-id=\"85305e3\" data-element_type=\"widget\" data-widget_type=\"text-editor.default\">\n\t\t\t\t<div class=\"elementor-widget-container\">\n\t\t\t\t\t\t\t<h5><strong><span style=\"color: #ff0000;\">O conte\u00fado do artigo precisa ser aplic\u00e1vel e curto (at\u00e9 aproximadamente 1500 palavras, ressalvando casos especiais).<\/span><\/strong><\/h5><h5><strong><span style=\"color: #ff0000;\">Ao final de cada artigo, existe a possibilidade de indica\u00e7\u00e3o de refer\u00eancias (links) a outras publica\u00e7\u00f5es para acesso a fatos, dados e informa\u00e7\u00f5es <\/span><\/strong><strong><span style=\"color: #ff0000;\">com mais detalhes (vide formato na aba <\/span><\/strong><strong><span style=\"color: #ff0000;\"><a href=\"http:\/\/probatus.inf.br\/?page_id=246\">Edi\u00e7\u00f5es Publicadas<\/a><\/span><\/strong><strong><span style=\"color: #ff0000;\">)<\/span><\/strong><strong><span style=\"color: #ff0000;\">.\u00a0<\/span><\/strong><\/h5><h5><strong><span style=\"color: #ff0000;\">\u00c9 fundamental citar refer\u00eancias no corpo do texto e tamb\u00e9m prover uma rela\u00e7\u00e3o bibliogr\u00e1fica ao final de cada artigo, eventualmente com sugest\u00f5es de leitura. As cita\u00e7\u00f5es no corpo do texto e a rela\u00e7\u00e3o bibliogr\u00e1fica ao final precisam seguir as normas da ABNT<\/span><\/strong><\/h5>\t\t\t\t\t\t<\/div>\n\t\t\t\t<\/div>\n\t\t\t\t\t<\/div>\n\t\t<\/div>\n\t\t\t\t<div class=\"elementor-column elementor-col-50 elementor-top-column elementor-element elementor-element-a68c615\" data-id=\"a68c615\" data-element_type=\"column\">\n\t\t\t<div class=\"elementor-widget-wrap elementor-element-populated\">\n\t\t\t\t\t\t\t\t<div class=\"elementor-element elementor-element-d6305c9 elementor-widget elementor-widget-text-editor\" data-id=\"d6305c9\" data-element_type=\"widget\" data-widget_type=\"text-editor.default\">\n\t\t\t\t<div class=\"elementor-widget-container\">\n\t\t\t\t\t\t\t<h5><span style=\"color: #993300;\"><strong>O artigo precisa ter um t\u00edtulo curto (em torno de no m\u00e1ximo dez palavras).<\/strong><\/span><\/h5><h5><span style=\"color: #993300;\"><strong>O(s) autor(es) precisa(m) informar o(s) seu(s) nome(s) completo(s) e<\/strong><\/span><span style=\"color: #993300;\"><strong> qualifica\u00e7\u00f5es (ou titula\u00e7\u00f5es) em uma \u00fanica <\/strong><\/span><span style=\"color: #993300;\"><strong>linha e simultaneamente fornecer a indica\u00e7\u00e3o de um ou mais sites, sendo obrigat\u00f3rio o Curr\u00edculo Lattes, onde h\u00e1 um detalhamento completo e com efeitos legais.<\/strong><\/span><\/h5><ul><li><h5><span style=\"color: #993300;\"><strong>As opini\u00f5es e as interpreta\u00e7\u00f5es dos autores n\u00e3o expressam necessariamente perspectivas ou pontos de vista da Revista online PROBATUS.INF.BR nem de seu Conselho Editorial.<\/strong><\/span><\/h5><\/li><li><h5><span style=\"color: #993300;\"><strong>Nenhum artigo submetido deve sugerir, insinuar ou criticar a implementa\u00e7\u00e3o tanto de pol\u00edticas p\u00fablicas quanto de certos tipos de acordos internacionais.<\/strong><\/span><\/h5><\/li><\/ul>\t\t\t\t\t\t<\/div>\n\t\t\t\t<\/div>\n\t\t\t\t\t<\/div>\n\t\t<\/div>\n\t\t\t\t\t\t\t<\/div>\n\t\t<\/section>\n\t\t\t\t<section class=\"elementor-section elementor-top-section elementor-element elementor-element-26c4416 elementor-section-boxed elementor-section-height-default elementor-section-height-default\" data-id=\"26c4416\" data-element_type=\"section\">\n\t\t\t\t\t\t<div class=\"elementor-container elementor-column-gap-default\">\n\t\t\t\t\t<div class=\"elementor-column elementor-col-100 elementor-top-column elementor-element elementor-element-a65226a\" data-id=\"a65226a\" data-element_type=\"column\">\n\t\t\t<div class=\"elementor-widget-wrap elementor-element-populated\">\n\t\t\t\t\t\t\t\t<div class=\"elementor-element elementor-element-1477f5b elementor-widget elementor-widget-text-editor\" data-id=\"1477f5b\" data-element_type=\"widget\" data-widget_type=\"text-editor.default\">\n\t\t\t\t<div class=\"elementor-widget-container\">\n\t\t\t\t\t\t\t<h4 style=\"text-align: center;\"><strong><span style=\"text-decoration: underline;\">Submiss\u00e3o de artigos para o e-mail abaixo<\/span><\/strong><\/h4>\t\t\t\t\t\t<\/div>\n\t\t\t\t<\/div>\n\t\t\t\t\t<\/div>\n\t\t<\/div>\n\t\t\t\t\t\t\t<\/div>\n\t\t<\/section>\n\t\t\t\t<section class=\"elementor-section elementor-top-section elementor-element elementor-element-571e0e5 elementor-section-boxed elementor-section-height-default elementor-section-height-default\" data-id=\"571e0e5\" data-element_type=\"section\">\n\t\t\t\t\t\t<div class=\"elementor-container elementor-column-gap-default\">\n\t\t\t\t\t<div class=\"elementor-column elementor-col-100 elementor-top-column elementor-element elementor-element-e7b736c\" data-id=\"e7b736c\" data-element_type=\"column\">\n\t\t\t<div class=\"elementor-widget-wrap elementor-element-populated\">\n\t\t\t\t\t\t\t\t<div class=\"elementor-element elementor-element-4defb5e elementor-widget elementor-widget-spacer\" data-id=\"4defb5e\" data-element_type=\"widget\" data-widget_type=\"spacer.default\">\n\t\t\t\t<div class=\"elementor-widget-container\">\n\t\t\t\t\t<div class=\"elementor-spacer\">\n\t\t\t<div class=\"elementor-spacer-inner\"><\/div>\n\t\t<\/div>\n\t\t\t\t<\/div>\n\t\t\t\t<\/div>\n\t\t\t\t\t<\/div>\n\t\t<\/div>\n\t\t\t\t\t\t\t<\/div>\n\t\t<\/section>\n\t\t\t\t\t\t\t<\/div>\n\t\t","protected":false},"excerpt":{"rendered":"<p>Seguem coment\u00e1rios para orientar os artigos das edi\u00e7\u00f5es da Revista online PROBATUS.INF.BR\u00a0 (ISSN 2965-0070). A Revista online PROBATUS.INF.BR \u00e9 uma publica\u00e7\u00e3o bimestral disponibilizada online e gratuitamente que aceita contribui\u00e7\u00f5es de outros autores desde que os artigos atendam o objetivo e o estilo expostos pelo corpo editorial. O objetivo da Revista online PROBATUS.INF.BR Com periodicidade bimestral, &hellip;<\/p>\n<p class=\"read-more\"> <a class=\"\" href=\"http:\/\/probatus.inf.br\/?page_id=245\"> <span class=\"screen-reader-text\">Apresenta\u00e7\u00e3o<\/span> Leia mais &raquo;<\/a><\/p>\n","protected":false},"author":1,"featured_media":0,"parent":0,"menu_order":0,"comment_status":"closed","ping_status":"closed","template":"elementor_theme","meta":{"site-sidebar-layout":"no-sidebar","site-content-layout":"page-builder","ast-global-header-display":"","ast-banner-title-visibility":"","ast-main-header-display":"","ast-hfb-above-header-display":"","ast-hfb-below-header-display":"","ast-hfb-mobile-header-display":"","site-post-title":"disabled","ast-breadcrumbs-content":"","ast-featured-img":"disabled","footer-sml-layout":"","theme-transparent-header-meta":"enabled","adv-header-id-meta":"","stick-header-meta":"","header-above-stick-meta":"","header-main-stick-meta":"","header-below-stick-meta":"","footnotes":""},"class_list":["post-245","page","type-page","status-publish","hentry"],"_links":{"self":[{"href":"http:\/\/probatus.inf.br\/index.php?rest_route=\/wp\/v2\/pages\/245","targetHints":{"allow":["GET"]}}],"collection":[{"href":"http:\/\/probatus.inf.br\/index.php?rest_route=\/wp\/v2\/pages"}],"about":[{"href":"http:\/\/probatus.inf.br\/index.php?rest_route=\/wp\/v2\/types\/page"}],"author":[{"embeddable":true,"href":"http:\/\/probatus.inf.br\/index.php?rest_route=\/wp\/v2\/users\/1"}],"replies":[{"embeddable":true,"href":"http:\/\/probatus.inf.br\/index.php?rest_route=%2Fwp%2Fv2%2Fcomments&post=245"}],"version-history":[{"count":115,"href":"http:\/\/probatus.inf.br\/index.php?rest_route=\/wp\/v2\/pages\/245\/revisions"}],"predecessor-version":[{"id":1590,"href":"http:\/\/probatus.inf.br\/index.php?rest_route=\/wp\/v2\/pages\/245\/revisions\/1590"}],"wp:attachment":[{"href":"http:\/\/probatus.inf.br\/index.php?rest_route=%2Fwp%2Fv2%2Fmedia&parent=245"}],"curies":[{"name":"wp","href":"https:\/\/api.w.org\/{rel}","templated":true}]}}